*h**3 + h**2. What is the remainder when 13 is divided by k(-1)?
5
Let l(x) = 2 + 10*x + 2*x**2 - 3*x + 0*x. Suppose 0 = 4*n - 5*r - 78 - 127, -3*r - 153 = -3*n. Calculate the remainder when n is divided by l(-5).
16
Suppose -4*q = -3*v + 58, -37 = -3*v - 5*q + 39. Let s = v - 5. Let r(i) = 2*i**3 + 2*i**2 - 8*i + 2. Calculate the remainder when r(3) is divided by s.
16
Let l(a) = 11*a - 1. Let p be l(1). Suppose -10 = -d + p. Calculate the remainder when 58 is divided by d.
18
Let u = 1 - -16. Suppose -3*n + 82 + u = 0. Suppose 0*l + 3*l - 105 = o, o + n = l. Calculate the remainder when l is divided by 19.
17
Suppose -133 = -4*n - y, 0 = -5*n + 5*y - 73 + 208. Suppose 0 = 4*u + 3*l - 247, 3*u - 3*l + 57 - 237 = 0. Calculate the remainder when u is divided by n.
29
Let x = -3 + 5. Let g be 0/(2*2/(-2)). Suppose g = x*p - 57 + 3. What is the remainder when p is divided by 7?
6
Suppose 2*w - 6*w = -52. Let j(b) = b**3 + b + 24. What is the remainder when j(0) is divided by w?
11
Let h(k) = -3*k + 1. Calculate the remainder when h(-9) is divided by 15.
13
Let v = -7 + 12. Suppose -4*k + 0*x + 204 = 4*x, -v*k + x + 279 = 0. What is the remainder when k is divided by 14?
13
Calculate the remainder when -3 + 4 - -4*1 is divided by 80/24 - (-1)/(-3).
2
Suppose 0 = x - 2*x + 2. Suppose x*a - 27 = 1. Calculate the remainder when ((-40)/(-3))/((-2)/(-6)) is divided by a.
12
What is the remainder when 54 is divided by (-36)/(-84) + 95/7?
12
Let x(c) = c**2 + 6*c + 10. Let q = 111 - 79. Calculate the remainder when q is divided by x(-7).
15
Let h(y) = y + 11. Let s = 1 + -8. What is the remainder when 7 is divided by h(s)?
3
Suppose 4*x + 115 = -x. Let l = 45 - x. What is the remainder when l is divided by 23?
22
Suppose -4*f - 1 + 3 = -2*o, -4 = -5*f + 2*o. Let r be (-1 + 12)/(2/8). Suppose -r = -2*w - f*w. What is the remainder when w is divided by 4?
3
Suppose 0 = -5*v - 2*b + 10 - 1, 4*v = -4*b. Suppose 3*m = 5*m. Suppose -v*t + 23 = -4*c - 24, m = -2*c - 10. What is the remainder when 17 is divided by t?
8
Let g = -17 + 25. What is the remainder when g is divided by 3?
2
Let r(s) = -s. Calculate the remainder when 63 is divided by r(-8).
7
Suppose 0 = p - 13 + 2. Calculate the remainder when (-3)/(-1)*(-82)/(-6) is divided by p.
8
Let l = 27 + -9. What is the remainder when 51 is divided by l?
15
Calculate the remainder when 21 is divided by 8 + -2 + 6/(-3) - -7.
10
Let m(o) be the second derivative of -o**3/6 + 9*o**2/2 - o. What is the remainder when 35 is divided by m(0)?
8
Suppose -5 - 13 = -2*k. What is the remainder when k is divided by 4?
1
Let b = 4 - 12. Let l = -21 + 16. Let r = l - b. What is the remainder when 4 is divided by r?
1
Suppose -4*r + 56 = 4*f, 5*r + 0*f + 4*f = 69. What is the remainder when r is divided by 4?
1
Suppose -2*t + 4*u + 8 = 5*u, -4*u = 0. Let p(b) = b**3 - 4*b**2 + 5*b - 5. Calculate the remainder when p(t) is divided by 8.
7
Let k(h) = -10*h**3 + h**2. Let a be k(1). Let l = 20 + a. Let r = l + -6. Calculate the remainder when 13 is divided by r.
3
Let n(x) = x + 4. Let f be n(-4). Suppose 0*p - p = f. What is the remainder when 0 + p + 17 + -2 is divided by 8?
7
Suppose 0 = 4*o + 3*n - 82, -3*o + 61 = -0*n + 2*n. Let x = o + -6. Let w = 48 - 43. Calculate the remainder when x is divided by w.
3
Suppose -3*x = -x + 12. Let c be x - -4 - -1*23. Let v = -1 + c. Calculate the remainder when 58 is divided by v.
18
What is the remainder when 21 is divided by -1 + 1 + 12 + -5?
0
Let r(i) be the first derivative of -i**4/4 + 7*i**3/3 - 2*i**2 + 3*i - 2. What is the remainder when r(5) is divided by 17?
16
Let h = 48 + -30. What is the remainder when 123 is divided by h?
15
Suppose 172 = 5*d - u, -3*d + 2*u - 30 = -4*d. Calculate the remainder when d is divided by 4.
2
Let i = 30 + -20. Calculate the remainder when ((-32)/10)/((-1)/i) is divided by 11.
10
Let y(n) = -n**2 + 3*n + 3. Let v be y(5). Let g = v - -15. Suppose -g + 32 = u. Calculate the remainder when u is divided by 13.
11
Let r(q) = q**3 - 6*q**2 - 12*q + 5. Calculate the remainder when r(8) is divided by 10.
7
Let x(s) = 2 - s - 4 - 9*s**2 - 8*s - 2*s**3 + s**3. What is the remainder when 0 + 14 - -1*2 is divided by x(-8)?
4
Suppose -26*z + 144 = -20*z. What is the remainder when 58 is divided by z?
10
Calculate the remainder when 61 is divided by (2 - 4/((-12)/9))*5.
11
Let k(i) = -2*i - 12. Let t be k(-8). Suppose -2*n + t*s = -5*n + 28, -2*s + 8 = 0. Let a = 7 + -1. What is the remainder when a is divided by n?
2
Let s(c) = c**3 + 5*c**2 + 3*c + 6. Let w be s(-5). Let x = w + 17. What is the remainder when 14 is divided by x?
6
Suppose -u + 7*d - 12*d - 3 = 0, -d = -3*u + 39. What is the remainder when 57 is divided by u?
9
Let q(s) = -s**3 - 7*s**2 - 7*s - 3. Let n be q(-5). Let i(m) = 3*m - 5. What is the remainder when n/(-1)*3/2 is divided by i(4)?
6
Suppose 5*r - 4*f = 17, -4*r + 0 = f - 22. Suppose -5*t = r*i - 35, 4*t - 50 = -5*i - 19. Let b(j) = -3*j - 6. What is the remainder when b(-4) is divided by t?
2
Let o = -42 - -45. Suppose -5*d + 66 = -14. Suppose -5*w + 4*i + d = -0*i, 3*i + 13 = 4*w. Calculate the remainder when w is divided by o.
1
Suppose 2*r - 22 = -4*d, -r + 2*r - 3*d = 1. What is the remainder when r is divided by 4?
3
Let r = 149 - 135. Calculate the remainder when 51 is divided by r.
9
Let n(i) = 3*i**2 - i + 1. What is the remainder when 16 is divided by n(2)?
5
Suppose 2*u - u = 29. What is the remainder when u is divided by 17?
12
Let j = 36 + -31. What is the remainder when 19 is divided by j?
4
Let a(h) = h**2 + 14. Let b(j) = j**2 + 2*j - 3. Let k be b(-3). What is the remainder when 55 is divided by a(k)?
13
Suppose 4*y = l - 33, -y - l - 6 = l. Let j(o) = o**3 + 5*o**2 - o - 2. Calculate the remainder when 313/9 + y/(-36) is divided by j(-4).
17
Suppose 0 = -2*i + 18 + 34. Calculate the remainder when i is divided by 7.
5
Let c(p) = -2*p - 16. Let w be c(-8). Suppose -3*j - j + 216 = w. Calculate the remainder when j is divided by 19.
16
Let q(i) = -i + 7. Let c(r) = -r - 4. What is the remainder when q(-6) is divided by c(-9)?
3
Let t = -101 + 146. What is the remainder when 88 is divided by t?
43
Suppose z + 1 - 3 = 0. Suppose z*c + 5 = -5*a - 3*c, 4*a = -c - 19. Let t = a - -14. Calculate the remainder when 23 is divided by t.
7
Let w = 9 - 22. Let g be (w/4)/(2/(-40)). Suppose 6*u - u = g. Calculate the remainder when 37 is divided by u.
11
Let m(w) = -w - 3. Let c be m(-4). Let r(v) = 8*v**3 - v**2 + v - 1. What is the remainder when 20 is divided by r(c)?
6
Let h = -3 - -9. Calculate the remainder when 21/28*(-44)/(-3) is divided by h.
5
Let p(g) = g**3 + 11*g**2 + 13. Let h be (-245)/21 + 4/6. What is the remainder when 25 is divided by p(h)?
12
Let f(n) = n**3 + n - 29. Let s be f(0). Let y = s - -40. Calculate the remainder when 43 is divided by y.
10
Suppose -5*m = -4 - 41. Calculate the remainder when m is divided by 2/(-3) + 33/9.
0
Suppose 30 = 5*h + h. Suppose k + 68 = h*k. What is the remainder when 50 is divided by k?
16
Let w(s) = s**2 - 12*s - 7. What is the remainder when 9 is divided by w(13)?
3
Let b = 6 + -7. Let j be -2 - 4/2 - b. Calculate the remainder when 32 is divided by ((-2)/(-2))/(j/(-33)).
10
Let j be (-2)/6 + (-1)/(-3). Suppose j = -2*n + 6 - 2. Calculate the remainder when 62*(n - (-3)/(-2)) is divided by 16.
15
Calculate the remainder when (3 - 3) + 40 - 4 is divided by 23.
13
Let c(i) = -i - 3. Let j be c(-3). Calculate the remainder when 23 is divided by (j - 3/(-3)) + 5.
5
Suppose 0*z + 4*z + 128 = 3*k, 5*z + 90 = 2*k. Calculate the remainder when k is divided by 9.
4
Let l = 6 - 3. Suppose -3*u + 42 - 9 = l*f, -3*u = -5*f - 1. What is the remainder when 27 is divided by u?
6
Let o(s) = -s**3 - 2*s**2 - 3*s - 1. Suppose -p = -5*w + 66, -4*w + 3*p + 40 = -p. Calculate the remainder when w is divided by o(-2).
4
Let p be (4 - 3)*0 + 1. Suppose -4*n = -4*b - 32, -5*b - p + 33 = n. Suppose 2*t + 2*q - 8 = 10, n = 4*q. What is the remainder when 16 is divided by t?
4
Let s = -57 + 108. What is the remainder when s is divided by 18?
15
Let b be 2/(-8) - (-939)/12. Suppose 106 = 4*m - b. Calculate the remainder when m is divided by 12.
10
Let p = 38 - 27. Suppose -s = -1, 4*s = -6*g